e 13, what is 76 - 431?
-388
In base 11, what is 5 + 135645?
13564a
In base 4, what is 20 + 110103?
110123
In base 11, what is 3 + 73a42?
73a45
In base 5, what is -341014 - 1?
-341020
In base 2, what is -10110 - 1101101111?
-1110000101
In base 10, what is 72642 + 48?
72690
In base 11, what is -75480 + -3?
-75483
In base 9, what is -672 + 84?
-577
In base 7, what is -2514046 - 3?
-2514052
In base 16, what is -8 + 430?
428
In base 12, what is -34 - -23?
-11
In base 10, what is 4925 + 15?
4940
In base 5, what is -23041 - 140?
-23231
In base 9, what is -120612 - 4?
-120616
In base 5, what is 141102 - -12?
141114
In base 4, what is -11 - 3023022?
-3023033
In base 4, what is -330010120 + -2?
-330010122
In base 5, what is -12324 - -3441?
-3333
In base 5, what is -113 + -1211022?
-1211140
In base 12, what is -1840 + -21?
-1861
In base 9, what is 164 - -1783?
2057
In base 6, what is -251 + -4331?
-5022
In base 7, what is 125435 + -11?
125424
In base 8, what is -20 + -4064?
-4104
In base 3, what is 201100101 - -12?
201100120
In base 2, what is -101011001 - -1011010010?
101111001
In base 14, what is -2a - cab2?
-cadc
In base 9, what is -3 - -303747?
303744
In base 5, what is -32 - 1221?
-1303
In base 2, what is 11101111111011101 + 111011?
11110000000011000
In base 13, what is -3a2 - 16c4?
-1a96
In base 13, what is 90baa - 10?
90b9a
In base 3, what is -10221 + 10012200?
10001202
In base 3, what is 12 + 110110?
110122
In base 15, what is -1b9a2 + 4?
-1b99d
In base 5, what is -102 + -120323?
-120430
In base 9, what is 2 - 283766?
-283764
In base 9, what is -224205 - -1?
-224204
In base 11, what is -1426 - -81?
-1355
In base 15, what is -5d06 - 1?
-5d07
In base 15, what is -3 + -2be1?
-2be4
In base 15, what is -3e3 - -24?
-3be
In base 8, what is 26534 - 541?
25773
In base 2, what is 10000001010 + -11001?
1111110001
In base 2, what is 111011111010000101000 - -100?
111011111010000101100
In base 9, what is 308477 - 4?
308473
In base 15, what is -1 + 469?
468
In base 12, what is -95 + a93?
9ba
In base 7, what is -12 + -151415?
-151430
In base 2, what is -100001101001100 + -1001?
-100001101010101
In base 15, what is -1cb + 356?
17a
In base 13, what is 3 - -3a569?
3a56c
In base 9, what is 2335 + -1?
2334
In base 14, what is 4 + -67873?
-6786d
In base 8, what is 11 + -11234?
-11223
In base 3, what is 11 - 10112201?
-10112120
In base 9, what is -33 - -253281?
253247
In base 16, what is -c8 - 30?
-f8
In base 2, what is 111 - -11101010101?
11101011100
In base 10, what is 5 - -3921?
3926
In base 9, what is -186 + 587?
401
In base 5, what is -333302 + 103?
-333144
In base 4, what is 10223 + 230231?
301120
In base 5, what is 2 - -131002?
131004
In base 7, what is 2224651 - -5?
2224656
In base 11, what is 128a9 - 36?
12873
In base 13, what is a65 - -9?
a71
In base 10, what is 25 + -3253?
-3228
In base 14, what is 4 - 7c6d?
-7c69
In base 2, what is 1000110001011110 + 1000011?
1000110010100001
In base 12, what is 5 + -25184?
-2517b
In base 14, what is 762 + -2c?
734
In base 11, what is 3812 + -4?
3809
In base 6, what is 4 - 30453533?
-30453525
In base 8, what is 15225 + 1?
15226
In base 8, what is -20273 - 6?
-20301
In base 9, what is 12603 + -253?
12340
In base 7, what is -10252 - 616?
-11201
In base 9, what is -4 + 115034?
115030
In base 5, what is -2 + 2023232?
2023230
In base 7, what is -313 + 42002?
41356
In base 9, what is -55 - 15782?
-15847
In base 12, what is -b - -a686?
a677
In base 12, what is 66b8b + -12?
66b79
In base 14, what is -7 + -24d?
-256
In base 15, what is 2c6b - 5?
2c66
In base 2, what is 11 - -10000101011001100?
10000101011001111
In base 5, what is -12442 + -24422?
-42414
In base 3, what is 10 + 101102212101?
101102212111
In base 2, what is -11 - -10110000111110011?
10110000111110000
In base 11, what is -1088 + -a66?
-2043
In base 8, what is 650 + 165?
1035
In base 15, what is 790 - -665?
e05
In base 6, what is 2214145 + -2?
2214143
In base 5, what is -114030032 - 0?
-114030032
In base 10, what is -679 + 32?
-647
In base 8, what is 24 + 264?
310
In base 6, what is -113 - -4502?
4345
In base 3, what is 2 + -202000221?
-202000212
In base 4, what is -201331 - 2320?
-210311
In base 3, what is 210222 - 201210?
2012
In base 13, what is -22a - a61?
-c8b
In base 7, what is -64 + 3245?
3151
In base 3, what is -100100222 - 102010?
-100210002
In base 15, what is 75 - -81?
106
In base 12, what is 284 - 579?
-2b5
In base 14, what is -1b9 - -489?
2b0
In base 6, what is -21414 + -21?
-21435
In base 16, what is -4f + 4?
-4b
In base 5, what is -2 - -1001040?
1001033
In base 9, what is 524811 - 0?
524811
In base 15, what is -538aa - -2?
-538a8
In base 12, what is -2 - -45498?
45496
In base 5, what is -221002300 - -10?
-221002240
In base 14, what is 5 - -ddbcc?
ddbd3
In base 10, what is 134733 - -2?
134735
In base 7, what is -100620 - 5?
-100625
In base 14, what is -16a + 3?
-167
In base 5, what is -10 - -41024030?
41024020
In base 6, what is -203544 + -5?
-203553
In base 13, what is -425 - -103?
-322
In base 8, what is 16106 + -463?
15423
In base 8, what is -373 + -520?
-1113
In base 4, what is 13230022132 + 3?
13230022201
In base 16, what is 1a8771 + -1?
1a8770
In base 16, what is 4 + -45a1?
-459d
In base 6, what is -515235 - -253?
-514542
In base 6, what is -311343 - 104?
-311451
In base 10, what is -200428 + -4?
-200432
In base 5, what is -244 - 1204300?
-1210044
In base 2, what is -100011110 - 10000101?
-110100011
In base 5, what is -2 + 3021133?
3021131
In base 3, what is -11222 + 1202121?
1120122
In base 9, what is -3 - 76877?
-76881
In base 15, what is 131 + -53?
cd
In base 5, what is 140 - -133032?
133222
In base 7, what is -3323061 - -1?
-3323060
In base 15, what is 950e - -5?
9514
In base 2, what is 1001101110101101110 + -1?
1001101110101101101
In base 12, what is 5 + -2566b?
-25666
In base 16, what is b - b870?
-b865
In base 3, what is 10 - -112220022?
112220102
In base 7, what is -6363 + -1?
-6364
In base 7, what is 14242 + -1513?
12426
In base 16, what is -d + -329fa?
-32a07
In base 14, what is 2c6b + -d?
2c5c
In base 3, what is 11210 + -1011?
10122
In base 10, what is -7 + 10510?
10503
In base 11, what is -7 - -1662?
1656
In base 14, what is -2 - 2b225?
-2b227
In base 12, what is -16 - -a71b?
a705
In base 7, what is 11022 - -2060?
13112
In base 15, what is 41b + -1c?
3ee
In base 4, what is -3 + 103020?
103011
In base 10, what is -68 + 3122?
3054
In base 7, what is 5 + 3014216?
3014224
In base 4, what is 201213113 - -2?
201213121
In base 2, what is 100111 + -10011?
10100
In base 9, what is 211 + 83?
304
In base 11, what is -9a + 324?
235
In base 8, what is -3 - 1323?
-1326
In base 15, what is -c565 + b?
-c559
In base 10, what is 7087 + -6?
7081
In base 3, what is 201 - 2212000?
-2211022
In base 11, what is -1 + -313669?
-31366a
In base 7, what is -2323 - -210?
-2113
In base 2, what is -101 + 1001011100111?
1001011100010
In base 15, what is -3952b - -a?
-39521
In base 2, what is 11000011110 + -110?
11000011000
In base 14, what is 59 - -bbb8?
bc33
In base 11, what is 4310 + 6?
4316
In base 8, what is -73 + 146?
53
In base 2, what is -100011011110000011 + -10?
-100011011110000101
In base 13, what is 312 - 60?
282
In base 7, what is 310640 + 12?
310652
In base 9, what is -1483 - 7?
-1501
In base 16, what is -4115 + -e?
-4123
In base 2, what is 111 + 11000010001011?
11000010010010
In base 10, what is 530 - -364?
894
In base 13, what is 10 + 29565?
29575
In base 5, what is 3 - 14202334?
-14202331
In base 2, what is 111 + -1011101001000101101?
-1011101001000100110
In base 13, what is -46c - -300?
-16c
In base 3, what is 2010022 + -12020?
1221002
In base 7, what is -143 - 3612?
-4055
In base 3, what is 11122111 + 20111?
11212222
In base 12, what is 1 + b771?
b772
In base 8, what is -15 - 37402?
-37417
In base 12, what is -19b + 40b?
230
In base 12, what is -547a5 + -1?
-547a6
In base 6, what is -2532 - -32?
-2500
In base 6, what is 104 + 552?
1100
In base 15, what is -3 + -7ac9?
-7acc
In base 13, what is 28950a + 0?
28950a
In base 12, what is 55584 - 4?
55580
In base 16, what is -4 + 2123?
211f
In base 11, what is -362 + 536?
184
In base 13, what is -1 - -b5895?
b5894
In base 15, what is 3 - -9804a?
9804d
In base 7, what is -35 - -1266?
1231
In base 16, what